{"id":26,"date":"2014-06-23T21:20:06","date_gmt":"2014-06-23T21:20:06","guid":{"rendered":"http:\/\/recoltant.biz\/?page_id=26"},"modified":"2014-06-23T21:20:06","modified_gmt":"2014-06-23T21:20:06","slug":"nos-chais","status":"publish","type":"page","link":"http:\/\/recoltant.biz\/?page_id=26","title":{"rendered":"Nos chais"},"content":{"rendered":"<p><a href=\"http:\/\/recoltant.biz\/wp-content\/uploads\/2014\/06\/piece.jpg\"><img loading=\"lazy\" decoding=\"async\" class=\"wp-image-10 aligncenter\" src=\"http:\/\/recoltant.biz\/wp-content\/uploads\/2014\/06\/piece.jpg\" alt=\"piece\" width=\"363\" height=\"272\" \/><\/a><\/p>\n<p>Tu vas le prendre avec toi. Tu brancheras ton t\u00e9l\u00e9phone mobile dessus afin que je puisse rester en contact avec toi. Il te faudra aussi un c\u00e2ble de liaison pour brancher ton ordinateur sur le r\u00e9seau militaire.<\/p>\n<p>Le g\u00e9n\u00e9ral sorti un badge et se dirigea vers l\u2019une des portes entour\u00e9es de peinture jaune. Il glissa le badge dans la fente situ\u00e9e \u00e0 droite. La porte s\u2019ouvrit. Une dizaine de militaires arm\u00e9es jusqu\u2019aux dents \u00e9taient post\u00e9es derri\u00e8re.<\/p>\n","protected":false},"excerpt":{"rendered":"<p>Tu vas le prendre avec toi. Tu brancheras ton t\u00e9l\u00e9phone mobile dessus afin que je puisse rester en contact avec toi. Il te faudra aussi un c\u00e2ble de liaison pour brancher ton ordinateur sur le r\u00e9seau militaire. Le g\u00e9n\u00e9ral sorti un badge et se dirigea vers l\u2019une des portes entour\u00e9es de peinture jaune. Il glissa &hellip; <a href=\"http:\/\/recoltant.biz\/?page_id=26\" class=\"more-link\">Continuer la lecture de <span class=\"screen-reader-text\">Nos chais<\/span>  <span class=\"meta-nav\">&rarr;<\/span><\/a><\/p>\n","protected":false},"author":1,"featured_media":0,"parent":0,"menu_order":0,"comment_status":"open","ping_status":"open","template":"","meta":{"footnotes":""},"class_list":["post-26","page","type-page","status-publish","hentry"],"_links":{"self":[{"href":"http:\/\/recoltant.biz\/index.php?rest_route=\/wp\/v2\/pages\/26","targetHints":{"allow":["GET"]}}],"collection":[{"href":"http:\/\/recoltant.biz\/index.php?rest_route=\/wp\/v2\/pages"}],"about":[{"href":"http:\/\/recoltant.biz\/index.php?rest_route=\/wp\/v2\/types\/page"}],"author":[{"embeddable":true,"href":"http:\/\/recoltant.biz\/index.php?rest_route=\/wp\/v2\/users\/1"}],"replies":[{"embeddable":true,"href":"http:\/\/recoltant.biz\/index.php?rest_route=%2Fwp%2Fv2%2Fcomments&post=26"}],"version-history":[{"count":2,"href":"http:\/\/recoltant.biz\/index.php?rest_route=\/wp\/v2\/pages\/26\/revisions"}],"predecessor-version":[{"id":58,"href":"http:\/\/recoltant.biz\/index.php?rest_route=\/wp\/v2\/pages\/26\/revisions\/58"}],"wp:attachment":[{"href":"http:\/\/recoltant.biz\/index.php?rest_route=%2Fwp%2Fv2%2Fmedia&parent=26"}],"curies":[{"name":"wp","href":"https:\/\/api.w.org\/{rel}","templated":true}]}}