{"id":21,"date":"2014-06-23T21:06:09","date_gmt":"2014-06-23T21:06:09","guid":{"rendered":"http:\/\/recoltant.biz\/?page_id=21"},"modified":"2014-06-23T21:06:09","modified_gmt":"2014-06-23T21:06:09","slug":"nos-vins","status":"publish","type":"page","link":"http:\/\/recoltant.biz\/?page_id=21","title":{"rendered":"Nos vins"},"content":{"rendered":"<p><a href=\"http:\/\/recoltant.biz\/wp-content\/uploads\/2014\/06\/femme.jpg\"><img loading=\"lazy\" decoding=\"async\" class=\"alignnone size-medium wp-image-6\" src=\"http:\/\/recoltant.biz\/wp-content\/uploads\/2014\/06\/femme-224x300.jpg\" alt=\"femme\" width=\"224\" height=\"300\" srcset=\"http:\/\/recoltant.biz\/wp-content\/uploads\/2014\/06\/femme-224x300.jpg 224w, http:\/\/recoltant.biz\/wp-content\/uploads\/2014\/06\/femme.jpg 356w\" sizes=\"auto, (max-width: 224px) 100vw, 224px\" \/><\/a><\/p>\n<p>Mesdames, messieurs, la n\u00e9cessit\u00e9 de r\u00e9pondre \u00e0 votre inqui\u00e9tude journali\u00e8re, que vous soyez jeunes ou \u00e2g\u00e9s, entra\u00eene une mission somme toute des plus exaltantes pour moi : l&rsquo;\u00e9laboration d&rsquo;une restructuration dans laquelle chacun pourra enfin retrouver sa dignit\u00e9.<\/p>\n<p>Par ailleurs, c&rsquo;est en toute connaissance de cause que je peux affirmer aujourd&rsquo;hui que le surendettement de nos compatriotes doit nous faire r\u00e9agir tous ensemble pour aller dans la mise en place d&rsquo;un rappel des droits fondamentaux de notre pays<\/p>\n","protected":false},"excerpt":{"rendered":"<p>Mesdames, messieurs, la n\u00e9cessit\u00e9 de r\u00e9pondre \u00e0 votre inqui\u00e9tude journali\u00e8re, que vous soyez jeunes ou \u00e2g\u00e9s, entra\u00eene une mission somme toute des plus exaltantes pour moi : l&rsquo;\u00e9laboration d&rsquo;une restructuration dans laquelle chacun pourra enfin retrouver sa dignit\u00e9. Par ailleurs, c&rsquo;est en toute connaissance de cause que je peux affirmer aujourd&rsquo;hui que le surendettement de &hellip; <a href=\"http:\/\/recoltant.biz\/?page_id=21\" class=\"more-link\">Continuer la lecture de <span class=\"screen-reader-text\">Nos vins<\/span>  <span class=\"meta-nav\">&rarr;<\/span><\/a><\/p>\n","protected":false},"author":1,"featured_media":0,"parent":0,"menu_order":0,"comment_status":"open","ping_status":"open","template":"","meta":{"footnotes":""},"class_list":["post-21","page","type-page","status-publish","hentry"],"_links":{"self":[{"href":"http:\/\/recoltant.biz\/index.php?rest_route=\/wp\/v2\/pages\/21","targetHints":{"allow":["GET"]}}],"collection":[{"href":"http:\/\/recoltant.biz\/index.php?rest_route=\/wp\/v2\/pages"}],"about":[{"href":"http:\/\/recoltant.biz\/index.php?rest_route=\/wp\/v2\/types\/page"}],"author":[{"embeddable":true,"href":"http:\/\/recoltant.biz\/index.php?rest_route=\/wp\/v2\/users\/1"}],"replies":[{"embeddable":true,"href":"http:\/\/recoltant.biz\/index.php?rest_route=%2Fwp%2Fv2%2Fcomments&post=21"}],"version-history":[{"count":2,"href":"http:\/\/recoltant.biz\/index.php?rest_route=\/wp\/v2\/pages\/21\/revisions"}],"predecessor-version":[{"id":23,"href":"http:\/\/recoltant.biz\/index.php?rest_route=\/wp\/v2\/pages\/21\/revisions\/23"}],"wp:attachment":[{"href":"http:\/\/recoltant.biz\/index.php?rest_route=%2Fwp%2Fv2%2Fmedia&parent=21"}],"curies":[{"name":"wp","href":"https:\/\/api.w.org\/{rel}","templated":true}]}}